*s - 190 - 870, -g*y = -5*s + 660. Let t = -148 - y. What are the prime factors of t?
67
Let v(m) = 600*m + 4. Let n be v(1). Let i = n + -425. What are the prime factors of i?
179
Suppose 0 = d + 2*n - 126, 5*d + 6*n = 8*n + 594. List the prime factors of 4*((-2)/15 + 106/d).
3
Let m(s) = 2000*s**2 + 6*s - 185. What are the prime factors of m(4)?
3, 10613
Let x = 1597 + 16542. What are the prime factors of x?
11, 17, 97
Let x(g) = -g**2 + 11*g + 3. Let y be x(22). Let v = y + 435. What are the prime factors of v?
2, 7
Let b = -14466 + 18448. List the prime factors of b.
2, 11, 181
Let m(z) = -2259*z + 1495. List the prime factors of m(-30).
5, 7, 1979
Let c(q) = q**3 - 9*q**2 + 10*q - 9. Let b be c(6). Let v = 7 - b. Suppose -19 - 14 = -h - 2*l, -2*h - 5*l = -v. What are the prime factors of h?
37
List the prime factors of (-2217)/(-9)*(-7)/((-77)/957).
29, 739
What are the prime factors of (8832/(-640))/(15/(-43375))?
5, 23, 347
Suppose -2*u - 11 = -4*g - 5*u, 3*g = -u + 7. Suppose 230 = g*l - 30. Let a = l - 81. What are the prime factors of a?
7
Let y be ((-2)/6)/((-13)/39)*5. Suppose y*g - 6 = -g. What are the prime factors of (-1 + 0)*g + 128?
127
Let m = -38 + 20. Let g(w) = 11*w - 26. Let k be g(5). Let n = m + k. List the prime factors of n.
11
Let o(a) = 838*a**2 + 95*a - 22. What are the prime factors of o(6)?
2, 7, 1097
Let b(x) = -744*x**3 - x**2 - 5*x. List the prime factors of b(-1).
2, 11, 17
Suppose -27*z + 22838 + 277942 = 0. List the prime factors of z.
2, 5, 557
Let a(f) = -f**3 + 2*f**2 + 4*f - 3. Let g be a(3). Let t be (1*(-1)/2 - g)*4. List the prime factors of (-12)/40*t + (-512)/(-5).
103
Let s = 15 - 11. Let h(x) = 2*x - 9. Let p be h(s). What are the prime factors of (p/(-3)*-2)/(20/(-330))?
11
Suppose -102262 + 1360273 = 27*n. What are the prime factors of n?
3, 31, 167
Let n(l) be the second derivative of -l**5/20 - 11*l**4/6 - 13*l**3/2 - 49*l**2/2 + 88*l. List the prime factors of n(-22).
809
Suppose 12*l = 17*l + 260. Let g be (-6)/(-8) + (-1365)/l. Suppose -g = -k + 64. What are the prime factors of k?
7, 13
Suppose 0 = -2*r + 105 - 99. Suppose -2*u - 1870 = -5*y - 5*u, 1122 = 3*y + r*u. What are the prime factors of y?
2, 11, 17
Suppose -102*j + 8624 = -91*j. Suppose -2*u = 4*p - 2544, 3*p = 5*u + 1111 + j. List the prime factors of p.
5, 127
Suppose 0 = 3*p + 26 - 17. Let k be 1*-2 - 1*(p + -1). Let h(w) = 56*w - 2. List the prime factors of h(k).
2, 5, 11
Suppose -2*i - i = 15, -4*i + 12 = 4*m. Let v(f) be the first derivative of f**4/4 - 7*f**3/3 + 3*f**2 + 10*f - 1. List the prime factors of v(m).
2, 61
Let t(l) = l**3 + 10*l**2 - 3*l - 6. Let u be t(-5). Suppose 4*y + 258 + u = 0. Let a = -73 - y. What are the prime factors of a?
5
Let b(m) = m**3 + 35*m**2 - 36*m + 224. List the prime factors of b(-20).
2, 7, 31
Let x(s) = 115*s**2 - 31*s - 18. Let u be x(-10). Suppose u = -17*r + 28*r. List the prime factors of r.
2, 67
Let m = 140 + -140. Suppose -3*p + 4*h + 2305 = m, 19*h - 1530 = -2*p + 20*h. List the prime factors of p.
7, 109
Let h = 718 - 714. Suppose -5*y - 2*a = -100, -3*y - h*a + 9*a + 60 = 0. List the prime factors of y.
2, 5
Let a(p) = 4*p**2 - 5*p + 3. Let h be a(1). Suppose 2*k = h*i + 608, -2*k + 609 = -0*k - i. What are the prime factors of k?
5, 61
Suppose 2*f - 2 = o, -3*f = -3*o + 2 + 1. Suppose -7*z + 2772 = o*z. Suppose -4*s - 12 + z = 0. What are the prime factors of s?
2, 3, 5
Let q = -76 - -78. Let a be 7 + -7 + (q - -1). What are the prime factors of ((-10)/6 + 3)*a?
2
Let d = 6963 - -700. List the prime factors of d.
79, 97
Suppose 0 = 3*i - 277*l + 282*l - 86615, 0 = -i - 4*l + 28867. List the prime factors of i.
3, 5, 7, 11
Suppose -38*c + 125775 = -469685. What are the prime factors of c?
2, 5, 1567
Suppose 22*x - 117 = 31*x. What are the prime factors of (x/26)/(1/(-1558))?
19, 41
Suppose 0 = 82*v - 73*v - 78903. What are the prime factors of v?
11, 797
Suppose 98*c - 82052 = 117574. What are the prime factors of c?
3, 7, 97
Suppose 6 = 4*b - 2. Suppose 3*t + 25 = -b*t, 4*c = 5*t + 365. Let n = c - 59. What are the prime factors of n?
2, 13
Let n(w) = 23*w**2 + 28*w + 571. What are the prime factors of n(-14)?
43, 109
Suppose 0 = 116*u - 118*u + 26042. What are the prime factors of u?
29, 449
Let h = 549 - 483. Suppose -4*f + 60 = -0*f. Let u = h + f. What are the prime factors of u?
3
Suppose 2*t + 1310 = 2*f, -4*t = 2*f - 2*t - 1290. List the prime factors of f.
2, 5, 13
Suppose 0 = -17*r + 2425 - 12523. Let p = -18 - r. What are the prime factors of p?
2, 3
Let d(u) be the third derivative of -u**5/20 - 7*u**4/24 - 4*u**3/3 + 40*u**2. Let a be d(15). List the prime factors of a/(-5) + (-27)/45.
157
Suppose 4*r - d = 349223, 0 = 3*r + 13*d - 11*d - 261898. What are the prime factors of r?
2, 7, 1559
Let l(f) be the first derivative of -f**4/4 + 3*f**2/2 + 6*f + 11. Let s be l(-3). Suppose k = 3*k - s. What are the prime factors of k?
2, 3
Suppose 3*g - 153 + 15 = 0. Suppose 0*y = -4*x + 5*y + 44, -5*x + g = -4*y. What are the prime factors of ((-168)/16)/(x/(-4))?
7
Let y be 72/(-252)*14*-1. Suppose -2*x = -y*x + 276. What are the prime factors of x?
2, 3, 23
What are the prime factors of ((3194 - -1) + -7)/(24/192)?
2, 797
Let y = 5233 - 7352. Let l = 3895 + y. List the prime factors of 3/2*l/36.
2, 37
Let u = -209 - -214. Suppose -6*n - 4*m = -n - 569, -n + 118 = u*m. What are the prime factors of n?
113
Let p be 21/3*1520/(14 - 6). Let w = p + -716. List the prime factors of w.
2, 307
Let z be 11088/216 - (4/(-6) + 2). Suppose 44 + 108 = -4*c. Let t = z + c. What are the prime factors of t?
2, 3
What are the prime factors of (1 + 13940/16)/(3/4)?
1163
Suppose 2 = p - 2, -4*r + 21576 = -2*p. List the prime factors of r.
2, 19, 71
Let z be 3 - (-1 - -6 - 4)/(-1). Suppose -4*o = 4*w - 108, -z*w + 24 + 54 = 3*o. List the prime factors of (428/12)/(o/9 - 3).
107
Suppose -106*t = -108*t. Suppose -3*h - 413 + 2987 = t. What are the prime factors of h?
2, 3, 11, 13
Let z(o) = -o - 21. Let n(p) = -6*p - 105. Let m(l) = -2*n(l) + 11*z(l). Let h be m(21). Let v(x) = -x**2 - 2*x + 91. What are the prime factors of v(h)?
7, 13
Let n(v) = 109*v**2 - 8*v - 5. Let m be n(3). Suppose 864 = 2*w - 4*r, -m = -2*w - r - 73. What are the prime factors of w?
2, 3, 73
Let x = 5036 - 3857. List the prime factors of x.
3, 131
Let f(s) = 449*s**2 - 47*s + 349. List the prime factors of f(9).
5, 7, 17, 61
Let j(g) = g**3 - 7*g**2 + 4. Let s be -4*(-14)/8 + 0. Let a be j(s). Suppose 2*w + 0*r - a*r - 98 = 0, -5*w + 219 = 3*r. List the prime factors of w.
3, 5
Let l(c) = 34*c + 62. Let w(q) = -35*q - 60. Let i(g) = -6*l(g) - 7*w(g). What are the prime factors of i(10)?
2, 229
Suppose 2*s + 4*f + 1859 = 7599, 3*s + f - 8600 = 0. What are the prime factors of s?
2, 1433
Suppose 13*m - 1878200 = -138*m + 1571244. What are the prime factors of m?
2, 5711
Suppose q = -2*t + 4 + 8, -2*q - 21 = -5*t. Suppose 14*g - 15*g = -3. What are the prime factors of (-44 + g)/((1 - q)/1)?
41
Let c(o) = o**3 + 19*o**2 + 19*o + 64. Let h be ((-14)/3)/(1/3). What are the prime factors of c(h)?
2, 389
Let p be 152/4 + 2 + 8/(-4). Suppose -p*z + 36*z + 934 = 0. What are the prime factors of z?
467
Suppose i = 2*i - o + 2, -3*o = 9. Let z(x) = -x**3 - 3*x**2 + 8*x + 20. What are the prime factors of z(i)?
2, 3, 5
Let n be (48/20)/3*650/(-4). Let m = 132 + n. Suppose 0 = -p - m*f + 272, -3*p - 2*f + 291 = -545. What are the prime factors of p?
2, 3, 47
Let x be 5/(15/(-6)) - -6. Let o(f) be the first derivative of 11*f**2/2 + 17*f + 11. What are the prime factors of o(x)?
61
List the prime factors of 1*2*(4928 + (1 - 25)).
2, 613
Let w = -59287 + 108101. What are the prime factors of w?
2, 24407
Suppose -2*y = 7*y. Suppose r + 2*r - 5*d - 67 = 0, 5*r - 4*d - 103 = y. What are the prime factors of r?
19
Let g = 92 + -91. Let q(a) = 483*a - 9. What are the prime factors of q(g)?
2, 3, 79
Let u(i) = 88*i**3 + 3*i**2 - 5*i + 1. Suppose 0 = 2*t + 2*p, 2*t - 4*p = 3*t. Let j(h) = -h**3 + h**2 - h + 1. Let q be j(t). List the prime factors of u(q).
3, 29
Let l = -121632 - -199774. List the prime factors of l.
2, 89, 439
Let j = 251 + -203. What are the prime factors of ((-1)/3)/((-16)/j) + 842?
3, 281
Let p be 20/(-5) - (1 